 c(i)?
10
What is the remainder when 82 is divided by 353/9 - 6/27 - -3?
40
Calculate the remainder when 185 is divided by 2/(((-36)/(-153))/4).
15
Let h(z) = -2*z**3 + 9*z**2 - 9. Calculate the remainder when h(-4) is divided by 44.
43
Let x = -107 + 180. Let b(a) = -2*a + 9. Calculate the remainder when x is divided by b(-8).
23
Let w(x) = -14*x - 26. What is the remainder when w(-39) is divided by 58?
56
Suppose -q - 929 = -1218. What is the remainder when q is divided by 84?
37
Let u(n) = -5*n - 1. Calculate the remainder when 45 is divided by u(-3).
3
Let a(w) = -8*w - 128. What is the remainder when a(-21) is divided by 9?
4
Let j(t) = -t**2 + 15*t - 37. What is the remainder when 864 is divided by j(9)?
14
Let d(r) = -7*r**2 - 5*r - 4. Let s(v) = -v - 10. Let g be s(-6). Let q be d(g). Let x = q - -153. What is the remainder when x is divided by 15?
12
Let t(r) = 2*r**2 - 13*r + 1. Let u be t(6). Calculate the remainder when -23*u/(25/5) is divided by 13.
10
Let k(g) = g**2 - 2*g + 36. Let r be k(-6). Suppose -7*l + r + 49 = 0. What is the remainder when 56 is divided by l?
18
Let j(c) = c**3 - 10*c**2 - 10*c - 10. Let n be j(11). Suppose -4*f + 13 = n. Suppose 0 = 4*u - f*u - 46. What is the remainder when u is divided by 16?
14
What is the remainder when 67 is divided by 1*(-3)/((-15)/70)?
11
Suppose -6*h + 234 = -4956. Calculate the remainder when h is divided by 58.
53
Suppose 2*v + 713 = m, -2*m + 5*m = -4*v + 2189. Calculate the remainder when m is divided by 66.
63
Suppose -5*w + 510 = 5*g, 5*w - 530 = -0*w + 5*g. Let u = 1123 - 1096. What is the remainder when w is divided by u?
23
Suppose 4*u - 7*u = -171. Suppose 8 = -3*g + 3*m + 71, m = 3*g - u. Calculate the remainder when 50 is divided by g.
14
Suppose 2*m - 5*o = -13, -2*m = 3*o + 2*o - 17. Suppose -m = d + 1. Calculate the remainder when 8 is divided by 2 + 0/((-2)/d).
0
Let u = -94 - -22. What is the remainder when 56 is divided by (-1089)/u - 1/8?
11
Let m(o) = 45*o + 11. Let f be m(3). Suppose -4*r + f = -126. Let g = -22 + 45. What is the remainder when r is divided by g?
22
Suppose 157*s = 148*s + 1323. Calculate the remainder when s is divided by ((-30)/9)/(4/(-30)).
22
Suppose -267*o - 93 = -270*o. Let v(j) be the second derivative of j**4/6 - j**3/3 + 2*j**2 - j. What is the remainder when o is divided by v(3)?
15
Let z = 463 + -447. What is the remainder when 109 is divided by z?
13
Let m(n) = n**3 - 5*n**2 + n - 8. What is the remainder when m(6) is divided by 24?
10
Let a = -304 + 382. What is the remainder when a is divided by 29?
20
Suppose m = 6 + 8. Suppose 2*x + 31 = 4*c - 65, -5*x - 6 = -c. Calculate the remainder when c is divided by m.
12
Suppose 2*c - 10*c = -2048. What is the remainder when c is divided by 37?
34
Let p = -18 - -15. Calculate the remainder when 147/6 + p/2 is divided by 15.
8
Let v = -31 - -73. Suppose 8 = -v*j + 44*j. Suppose c + u = 80, 0 = 2*c + j*u - 31 - 137. Calculate the remainder when c is divided by 16.
12
Let b(k) = k + 126. What is the remainder when 353 is divided by b(-36)?
83
Suppose -73 = -b - 12. Suppose -105 = -5*p - 5*t, -b - 25 = -4*p - 5*t. Calculate the remainder when p is divided by 11.
8
Let t be 24/(-21)*(-28)/8. Suppose -3*r - 5*c + 35 = 0, -r = 3*c - t - 5. What is the remainder when r is divided by 4?
3
What is the remainder when 642 is divided by -4 - (-21 - (6 + -6))?
13
Suppose 5*q - 1696 + 396 = 0. What is the remainder when q is divided by 68?
56
Let f = -136 - -230. Let g = -53 + f. Let h(y) = 3*y. Calculate the remainder when g is divided by h(2).
5
Suppose -3*u - 25 = -y, -13 - 1 = 2*u - 2*y. Let z = u + 26. Suppose -4*i + 19 = -z. What is the remainder when 24 is divided by i?
6
Let q = 1385 + -1307. Calculate the remainder when q is divided by 37.
4
Let z = -1403 + 2128. What is the remainder when z is divided by 14?
11
Suppose -3*c + 24 = 2*j, -2*c = 2*j - 5 - 21. What is the remainder when 5 - (-174 - j/3) is divided by 37?
36
What is the remainder when 136 is divided by (35/(-28))/(9/(-576))?
56
Suppose 10 = -2*g + 3*g. Suppose 3*w - g - 2 = 0. Let x = 124 + -117. Calculate the remainder when x is divided by w.
3
Let s(v) = v**2 - 2*v + 2. Let n(l) = -5*l - 5. Let i be n(4). Let r = i + 22. What is the remainder when 67 is divided by s(r)?
16
What is the remainder when ((-31)/4 - -7) + 126/8 is divided by 10?
5
Suppose 4*x - 44 = 4*t, -3*t + 4*t = -x + 3. Let r = -8531 + 8570. Calculate the remainder when r is divided by x.
4
Let o = 9 + -7. Suppose 10 = 5*p, o*p = l - 3*p + 9. Calculate the remainder when 3 + (-12)/((-2)/l) is divided by 5.
4
Suppose b - 2*g - 3 = 0, 3*g = -b + 4*b - 12. Let h be (9/(-18))/((-1)/36). Suppose 4*t - 18 = h. Calculate the remainder when t is divided by b.
4
Suppose -4*w = 3*r - 78 - 5, -3*w - 3*r + 63 = 0. Suppose -17*l - 276 = -w*l. Calculate the remainder when l is divided by 32.
28
Let p = 285 + 81. Calculate the remainder when p is divided by 53.
48
Let g = 22 - 9. Let q = g + -5. Suppose -a - 5*i = 8, -i - i - q = 0. What is the remainder when 47 is divided by a?
11
Suppose -t = 2*v - 14, 0 = 4*t - 28*v + 23*v - 43. Calculate the remainder when 17 is divided by t.
5
Suppose -3*v = -5*v - 5*z + 71, -3*z = 4*v - 177. Calculate the remainder when 142 is divided by v.
46
Let h(a) = 2*a + 20. Let t be h(11). Let p = t + -4. Calculate the remainder when 189 is divided by p.
37
Let v = -541 + 565. Calculate the remainder when 656/7 - 10/(-35) is divided by v.
22
Let d = 10 - 6. Suppose f + 3*u = -9, 8 + 7 = -3*f - 5*u. Calculate the remainder when 49/((f + 4)/d) is divided by 13.
10
Calculate the remainder when 238 is divided by 21886/279 + (-8)/18.
4
Let c(v) = 7 - v**2 - 12 + 4 + 6*v + 5. Let r be (-1 - (-4 - -2)) + 4. Calculate the remainder when 41 is divided by c(r).
5
Let k(i) = -3*i - 2*i + 6*i + 3*i**2 - 5*i. Calculate the remainder when k(4) is divided by 11.
10
Suppose 5*y - 2 - 13 = 4*n, -5*y + 2*n = -15. What is the remainder when 9 is divided by 4/(-6)*(-5 - (1 + y))?
3
Calculate the remainder when 3/9*(-12)/8*-698 is divided by 50.
49
Let b(z) = z**3 - 21*z**2 + 22*z - 18. What is the remainder when 65 is divided by b(20)?
21
Let z(i) = -5*i + 29. Let l be z(5). Suppose 3*q - 467 = s, 3*q = -0*q + l*s + 482. What is the remainder when q is divided by 40?
34
Let x be (1317 + 0)*3/9. Suppose 8*s - 13*s + 60 = 0. What is the remainder when s/42 - x/(-7) is divided by 16?
15
Let l(x) = 4*x + 1. Suppose 3*b - 15 = -2*b. Let d(z) = 2*z + 1. Let w(o) = b*l(o) - 5*d(o). What is the remainder when 9 is divided by w(4)?
3
Suppose -5*w = -c - 2 - 414, 3*w - 272 = -5*c. Suppose 0*r = 4*r - 8. Suppose b = -r*b + w. Calculate the remainder when 111 is divided by b.
27
Let v = 686 - 633. Calculate the remainder when 85 is divided by v.
32
Suppose 24 = 6*m + 2*m. Suppose -43 = -v + 4*g, m*g - 4*g + 110 = 5*v. Let k(h) = 65*h**2 - h - 1. Calculate the remainder when k(-1) is divided by v.
19
What is the remainder when -1*((-35)/14 + 2)*388 is divided by 91?
12
Let r be 18/5 + (-3)/5. What is the remainder when 57/(-2)*(-6)/r is divided by 30?
27
Let h = 7 + -5. Suppose -m - 5 = -h*m. Suppose -3*a - b - 2*b + 6 = 0, a + m*b + 2 = 0. Calculate the remainder when a is divided by 2.
1
Suppose 27 = 5*n - 28. Let h = n + -9. Suppose 0 = -h*l + 5*x + 6, 2*x + 30 = 4*l + x. What is the remainder when 31 is divided by l?
7
Let u = 324 + -302. Let l = -84 - -171. What is the remainder when l is divided by u?
21
Suppose -3*g + 8*g - 25 = 0. Let k be (g/10)/((-2)/(-8)). What is the remainder when 57 is divided by 1002/66 - k/11?
12
Suppose 7*g = 9*g - 2*q - 258, 3*g = 5*q + 389. What is the remainder when g is divided by 25?
3
Suppose -3*t + 6*t - 84 = 0. Let s = -55 - -97. Suppose 4*d - 2*q - s = 0, -4*d = -q - 34 - 7. Calculate the remainder when t is divided by d.
8
Let t = 136 - 123. Suppose 11*q + 56 = t*q. What is the remainder when q is divided by 8?
4
Let w be 2 - 39/(-3) - -3. Let x = w + -3. What is the remainder when 15 is divided by (-2)/5 - (-141)/x?
6
Let d(i) = i**3 - 13*i**2 - 12*i - 8. Let g be d(14). Suppose 0*a + 4*a = g. What is the remainder when 9 is divided by a?
4
Suppose -5*n + 3*x + 1045 = 0, -3*n + 7*n - 836 = -5*x. Let l = -177 + n. Calculate the re